osite number?
False
Is 15259961 a composite number?
False
Is 14953573 a prime number?
True
Is 19624505 a composite number?
True
Is 7039829 prime?
True
Is 7310283 a prime number?
False
Is 7281343 a prime number?
False
Is 13959731 prime?
True
Is 87265513 prime?
True
Is 4532529 a composite number?
True
Is 681823067 composite?
False
Is 57586951 a composite number?
True
Is 13595215 prime?
False
Is 8232941 a composite number?
False
Is 300992903 a composite number?
True
Is 72548321 composite?
False
Is 149105251 composite?
True
Is 16729186 prime?
False
Is 129880019 a composite number?
False
Is 15528371 prime?
True
Is 403285 prime?
False
Is 13278563 composite?
False
Is 45049241 composite?
False
Is 375743 prime?
True
Is 26297849 composite?
True
Is 3654619 composite?
True
Is 87286055 prime?
False
Is 195571 a prime number?
False
Is 267782563 composite?
True
Is 42157 a prime number?
True
Is 1370851085 a composite number?
True
Is 23725439 composite?
False
Is 4099471 a composite number?
True
Is 423569453 composite?
False
Is 20611901 prime?
True
Is 5284898 composite?
True
Is 4050337 composite?
True
Is 4456643 a prime number?
True
Is 1232457 a composite number?
True
Is 20753071 a composite number?
True
Is 9595783 composite?
False
Is 351581257 a prime number?
False
Is 21705851 a prime number?
False
Is 19485787 a composite number?
False
Is 10990079 a composite number?
False
Is 27641 a prime number?
False
Is 37523 prime?
False
Is 14919139 a prime number?
True
Is 203662933 prime?
True
Is 81905843 composite?
True
Is 2746661 a composite number?
False
Is 241453709 a prime number?
False
Is 27810287 a prime number?
False
Is 7754843 a prime number?
True
Is 18647287 composite?
False
Is 4195757 composite?
True
Is 286571 a prime number?
False
Is 22627463 a prime number?
False
Is 20138359 composite?
True
Is 17391299 a prime number?
True
Is 941051 prime?
False
Is 27971353 a prime number?
False
Is 486603487 a prime number?
True
Is 59499123 a composite number?
True
Is 2779033 prime?
False
Is 112833349 a prime number?
True
Is 110589827 composite?
False
Is 270269 prime?
True
Is 315982549 a prime number?
False
Is 431489953 prime?
False
Is 53040389 prime?
True
Is 74561037 a prime number?
False
Is 125170203 a prime number?
False
Is 7308569 prime?
True
Is 993319 prime?
True
Is 2748413 a prime number?
True
Is 18192697 prime?
True
Is 156811 a composite number?
True
Is 7791621 prime?
False
Is 104184953 a composite number?
False
Is 113043373 prime?
True
Is 19283 composite?
True
Is 2522737 prime?
False
Is 17884907 a prime number?
True
Is 2095273 composite?
True
Is 62096933 a prime number?
True
Is 10153807 a prime number?
True
Is 18776757 composite?
True
Is 137891071 composite?
False
Is 283895167 a composite number?
False
Is 46000685 composite?
True
Is 27037729 composite?
False
Is 87306943 a prime number?
False
Is 29984453 a prime number?
False
Is 138508037 a prime number?
True
Is 410383 prime?
True
Is 412109 composite?
False
Is 11931409 composite?
True
Is 57647891 prime?
False
Is 1689691 composite?
True
Is 2268779 a composite number?
False
Is 290389501 a composite number?
False
Is 80884127 a composite number?
False
Is 3692423 a composite number?
True
Is 8997683 composite?
True
Is 56661919 prime?
True
Is 10721723 composite?
False
Is 117694103 a composite number?
False
Is 319429085 a prime number?
False
Is 32280887 a composite number?
False
Is 3207503 a composite number?
True
Is 1088734 composite?
True
Is 1241841361 a prime number?
True
Is 55998563 prime?
False
Is 3784531 prime?
True
Is 6408533 composite?
False
Is 2709149 a composite number?
True
Is 3831139 a composite number?
True
Is 43668437 prime?
False
Is 32518087 prime?
False
Is 322717 composite?
True
Is 14450945 prime?
False
Is 32406317 prime?
False
Is 913397 prime?
True
Is 12125101 a composite number?
False
Is 62217907 a composite number?
True
Is 7073789 a prime number?
True
Is 74276173 a composite number?
False
Is 3645095 a prime number?
False
Is 1329307919 a prime number?
True
Is 168494129 a composite number?
True
Is 10034813 a composite number?
True
Is 11940701 a composite number?
True
Is 6922351 a prime number?
False
Is 21356411 composite?
True
Is 26847617 a composite number?
True
Is 75662347 a composite number?
False
Is 32392987 prime?
False
Is 6397211 a composite number?
False
Is 33879607 a prime number?
False
Is 71161 composite?
False
Is 22865173 composite?
False
Is 1966241 a prime number?
True
Is 146595586 a composite number?
True
Is 5655721 prime?
True
Is 275744374 a composite number?
True
Is 96318283 composite?
True
Is 63793831 prime?
True
Is 88995793 prime?
True
Is 35116637 a prime number?
True
Is 10484977 composite?
False
Is 178945943 composite?
True
Is 85650821 a composite number?
False
Is 2189611 a composite number?
True
Is 33083186 a prime number?
False
Is 532409 prime?
False
Is 7853273 a prime number?
False
Is 2447063 prime?
False
Is 307568141 a composite number?
True
Is 10056547 a composite number?
False
Is 189942323 a composite number?
True
Is 3585733 a composite number?
False
Is 482218045 composite?
True
Is 11878931 prime?
False
Is 124277 composite?
False
Is 63161359 composite?
True
Is 20495366 a composite number?
True
Is 15143807 prime?
False
Is 3709939 prime?
True
Is 212281 a prime number?
True
Is 4280033 composite?
False
Is 8497439 a composite number?
True
Is 331918009 a prime number?
False
Is 3351 a prime number?
False
Is 13505714 a composite number?
True
Is 7622506 a composite number?
True
Is 19447523 composite?
False
Is 12527983 prime?
False
Is 1499149 a composite number?
False
Is 2952787 prime?
True
Is 78559 prime?
False
Is 26834614 prime?
False
Is 570541 composite?
True
Is 526123721 a composite number?
False
Is 26246867 prime?
True
Is 5748151 a composite number?
True
Is 45054287 prime?
False
Is 29783491 a prime number?
True
Is 8720609 a composite number?
True
Is 36064943 prime?
False
Is 7985489 composite?
False
Is 1097897 a composite number?
False
Is 61184017 a composite number?
False
Is 6042719 prime?
True
Is 3228661 prime?
True
Is 137760301 composite?
True
Is 106479239 composite?
True
Is 6031447 a composite number?
True
Is 146141 composite?
False
Is 42944007 prime?
False
Is 2186059 composite?
False
Is 2700989 a composite number?
False
Is 177309893 prime?
True
Is 573637 a prime number?
True
Is 1220893 prime?
True
Is 16918457 a composite number?
True
Is 127477 a composite number?
True
Is 130088177 composite?
False
Is 29650883 composite?
True
Is 943871 a composite number?
False
Is 41561519 composite?
True
Is 2822402521 a prime number?
True
Is 180416303 prime?
True
Is 2610969 composite?
True
Is 20798809 prime?
False
Is 1815595 composite?
True
Is 2346791 prime?
True
Is 18459563 a composite number?
False
Is 72323021 a prime number?
True
Is 49529427 a composite number?
True
Is 1651253 a composite number?
True
Is 7207469 a prime number?
False
Is 6881579 a prime number?
True
Is 9337849 a prime number?
False
Is 463891469 a composite number?
True
Is 43840319 a prime number?
False
Is 3589819 prime?
True
Is 22823173 a prime number?
True
Is 91993 composite?
True
Is 103321765 prime?
False
Is 43763 composite?
True
Is 87783509 a composite number?
True
Is 410136505 a composite number?
True
Is 2075701 a prime number?
False
Is 790501 a prime number?
True
Is 428651 composite?
True
Is 84516127 a prime number?
True
Is 368939 prime?
True
Is 204904097 composite?
True
Is 50312947 a composite number?
True
Is 1638079 prime?
False
Is 5990539 prime?
False
Is 816469 prime?
True
Is 785759 prime?
False
Is 164332367 a composite number?
False
Is 5900593 a prime number?
True
Is 1115033 a prime number?
False
Is 58632421 prime?
True
Is 1820629 a prime number?
True
Is 82038119 prime?
False
Is 3319313 composite?
False
Is 189912721 a prime number?
False
Is 58003069 a composite number?
True
Is 649284653 a composite number?
False
Is 113017691 a prime number?
True
Is 998549 prime?
False
Is 430649 prime?
True
Is 3618211 prime?
True
Is 7960991 a prime number?
True
Is 10041469 a composite number?
True
Is 1332991 composite?
True
Is 1614505 composite?
True
Is 30950327 a prime number?
True
Is 2893031 composite?
False
Is 182523093 composite?
True
Is 622477 a prime number?
True
Is 8236717 a composite number?
False
Is 62081839 a composite number?
True